ndreds digit of t(f)?
0
Let b = 203 + -200. Suppose -b*r = 21*r - 4992. What is the units digit of r?
8
What is the ten thousands digit of 540358/21 + ((-1)/3)/(48/(-96))?
2
Let j be 0 - -1 - (-10)/5. Suppose j*u - 5*u - 10 = 0. Let g(i) = -i**3 - 4*i**2 - 10*i - 5. What is the tens digit of g(u)?
7
Suppose 5*c = -23*j + 22*j + 55109, j = -4*c + 44087. What is the units digit of c?
2
Suppose 4*f - 5*f = -4*k + 1533, 0 = -2*k + 3*f + 769. Let r = k - -674. What is the hundreds digit of r?
0
Suppose -117 + 124 = t. Suppose 0*c + t*c - 3437 = 0. What is the hundreds digit of c?
4
Let q(y) = 3*y - 1. Let n be q(-2). Let t(c) = 0*c + 10 + 6*c - c**2 - 21*c + 0*c + 6*c. What is the units digit of t(n)?
4
Let j = 34981 + -21436. What is the ten thousands digit of j?
1
Suppose 4*r - 5*z = 13461, -3*r - 37*z + 39*z = -10094. What is the tens digit of r?
6
Let d = 11 + -9. Suppose d*q = -2*q - 0*q. Suppose z + 4*i - 111 = 0, q = z - 4*i - 30 - 81. What is the tens digit of z?
1
Let z be (-2)/1*195/(-30). Suppose -z + 18 = t. Suppose -t*o + 12 = -33. What is the units digit of o?
9
Let h be 24/18*30/(-4). Let n = 10 + h. Suppose -5*b + 67 = 2*y - 59, 5*y + 3*b - 296 = n. What is the tens digit of y?
5
Let d(f) = -6*f**3 - 4*f**3 + 0*f + f + 9*f**3 + 6*f**2 - 8. Let s be d(6). What is the units digit of 131 + (24/20 - s/(-10))?
2
Suppose 4*l + 4569 - 12510 = -3*a, 4*l - 4*a - 7976 = 0. Let g = -1175 + l. What is the hundreds digit of g?
8
Let n(d) = d**2 + 237*d + 13557. What is the tens digit of n(0)?
5
Suppose 0 = -5*u + 7 + 3. Suppose u*s = 6*s - 1052. Suppose -4*d + s = -73. What is the units digit of d?
4
Let h(n) = n**2 - 10*n + 22. Let i be h(8). Let c be -434*((-3)/15 + i/(-20)). Suppose 5*f - 4*p - 232 = 0, -p = 10*f - 5*f - c. What is the units digit of f?
4
Suppose -26904 = -66*w + 28*w. What is the tens digit of w?
0
Suppose 5*b = -4*l + 51931, 14*l - 18*l - b + 51935 = 0. Suppose -20*c + 1016 + l = 0. What is the units digit of c?
0
What is the tens digit of (-6)/4 + (-4)/(-11) + (-2652885)/(-594)?
6
Let m(i) = -8532*i + 177. What is the units digit of m(-2)?
1
Let s(r) = 13*r**3 + 4*r**2 - 15*r - 48. What is the thousands digit of s(7)?
4
Let s be ((-6)/3)/(2/(-6100)). Suppose -5*c + s = 3*z + 1394, -3*z = -3*c - 4722. What is the tens digit of z?
7
Suppose 5*t - 61 = -56. Suppose 0 = 4*g + 5*r + 3, 0*r + t = r. What is the tens digit of g/(8/(-44))*(-1 - -11)?
1
Let h(l) = l**3 + 6*l**2 - 4*l - 2. Let y(f) = 2*f + 30. Let p be y(-14). Suppose -3*x - 45 = -p*s + 7*s, 2*s - x = -7. What is the units digit of h(s)?
2
Suppose 190*r - 4*q = 195*r - 23747, 0 = 4*r - 20*q - 18928. What is the thousands digit of r?
4
Suppose -15*p - 28*p + 860 = 0. Suppose 50*x - p*x = 3540. What is the units digit of x?
8
What is the hundreds digit of (0 + 2)*(125307/14 + (11 - 6))?
9
Suppose 1 = -3*y + 10. Let p(z) = 8*z**2 - 5*z - 8*z + 19*z - 8. What is the tens digit of p(y)?
8
Let o(x) = -x**3 + 2*x**2 + 9*x - 2. Let r be o(-8). Suppose 2*b - 12 = -r. Let j = 413 + b. What is the hundreds digit of j?
1
Let x(c) = -7*c - 8. Let b be x(-5). Let p = b - -30. Let h = p + -41. What is the units digit of h?
6
Suppose 0 = 4*f - 5749 - 247. Suppose -1365 = -5*p + 4*t, -4*p + f - 428 = t. What is the tens digit of p?
6
Let v be (-18)/(-27) + 63448/12. Suppose -v = -28*f + 24*f. What is the hundreds digit of f?
3
Let r(v) = 3*v**3 + 513*v**2 - 300*v - 351. What is the tens digit of r(-171)?
4
Suppose 0 = -m + 2*m + 3*g - 6, -5*m + 3*g - 6 = 0. Suppose 3*p = 3*f + 33, 0 = -2*p - f - m + 7. Suppose 9 = 3*l + p. What is the units digit of l?
1
Let c(x) = -49*x - 431. What is the hundreds digit of c(-33)?
1
Let i be 0/(2/(-4)*(-30)/5). Suppose -3*n = 2*s - 349, 4*s + i*s - 3*n = 707. What is the units digit of s?
6
Let w(t) = -11*t**3 - 43*t**2 - 169*t + 32. What is the ten thousands digit of w(-15)?
3
Suppose 0 = 24*b - 29*b + 20. What is the hundreds digit of 5/(-20) + 2357/b?
5
Let u(a) = 5*a**2 - 13*a - 15. Let x be u(6). Suppose -6193 = 76*w - x*w. What is the hundreds digit of w?
5
Suppose -10*y - 75339 = -21*y. What is the hundreds digit of y?
8
Let h = -26540 + 41389. What is the thousands digit of h?
4
Let s be ((-3572)/12)/(-1 + (-10)/(-15)). Let u = s + -511. What is the units digit of u?
2
Suppose 4*k = 403 + 105. Let u = -846 + 805. Let d = k + u. What is the tens digit of d?
8
Let c(k) = -18*k + 41. Let p be c(3). Let z = p - -617. What is the tens digit of z?
0
Let c(j) = 2*j**3 + 4*j**2 - 5*j + 3. Let u be c(-3). Suppose i + 3*z + 3 = 20, 20 = i + 4*z. Suppose u = i*y - 7*y - 22. What is the units digit of y?
2
Let b = 112 + -109. Suppose -412 = -2*m - 4*t - t, 0 = -m + b*t + 206. What is the tens digit of m?
0
What is the units digit of ((-1)/(2/35858))/((-78)/546*7)?
9
Let s(w) = -w**3 - 16*w**2 + 17*w + 7. Let l be s(-17). Suppose 2*m + 27 = l*j - 2*j, m = -3*j + 14. Suppose 392 + 123 = j*x. What is the units digit of x?
3
Let z(v) = -v**3 - 30*v**2 + 7*v + 210. Let u be z(-30). Suppose u = -0*y + 4*y - 752. What is the hundreds digit of y?
1
What is the hundreds digit of (-826070)/(-175) - 20/50?
7
Let k(f) = 13*f**2 - 5*f + 5. Let s be ((-26)/(-39))/(-1 + (-8)/(-6)). Let q be k(s). Suppose -45*l = -q*l + 118. What is the tens digit of l?
5
Let g be (22/(-66))/((-2)/(-1182)) - 4. Suppose s + 2*r + 101 = 0, r + 1 = 2. Let b = s - g. What is the units digit of b?
8
Let l(r) = -921*r - 3376. What is the hundreds digit of l(-24)?
7
Suppose 4*b - 5*b = -10. Let g(n) = -16 - 5*n - 12 + 3*n**2 - 9 + 10. What is the hundreds digit of g(b)?
2
Suppose -2*v + 2*b = -2, 4*b = -b - 5. Suppose 672 = 3*c - v*c. What is the tens digit of c?
2
What is the tens digit of (0 - -3)/(((-30)/(-15116))/5)?
5
Let r(h) = 4*h**2 - 6*h + 9. Let p = 0 + 4. Let i be r(p). Suppose -2*j - 108 = -2*c, -j = -c + j + i. What is the units digit of c?
9
Let p(r) = 6005*r - 5309. What is the units digit of p(9)?
6
Suppose -1384 = -p + 63. Let k = 2175 - p. What is the units digit of k?
8
Let u(z) = 33*z**3 + 7*z**2 + 19*z - 71. Let k be u(7). Suppose 0 = 20*t - k - 1676. What is the tens digit of t?
7
Let f be -2*(-4)/(-8) - -6. Suppose -1 = -3*y + f. Suppose 0 = y*i - 78 - 78. What is the units digit of i?
8
Let y(l) = 30*l - 45. Let u be y(9). What is the units digit of 257350/u - ((-40)/18 + 2)?
4
Suppose 4*l = 2*w - 16, 5*l + 17 = -w + 2*l. Suppose -i + 3*x = -3, x + 6 = 2*i + 4*x. What is the units digit of (i/(-5))/(w/70)?
1
Let s(i) = -162*i - 3. Let b be s(5). Let m = 1672 + b. What is the units digit of m?
9
Let w be (-7)/(-7) + -2 + 4031 - 5. Suppose -8*o + w + 7703 = 0. What is the thousands digit of o?
1
Suppose -u - d + 0*d = -719, -2*d = -2*u + 1442. Let k = -270 + u. What is the units digit of k?
0
Let g(v) = 6*v**3 - 11*v**2 - 13*v - 8. Let p be g(-6). Let i = -841 - p. What is the tens digit of i?
8
Let n = -64 + 66. Let j(h) = 69*h**3 - 3*h**2 + 14*h - 5. What is the units digit of j(n)?
3
Let h(z) = 43*z**2 + 5*z - 300. What is the thousands digit of h(-16)?
0
Suppose -124*g + 31040 = -108*g. What is the thousands digit of g?
1
Suppose -4*v - 3*c + 34931 = 0, -3*v - 2*c + 6518 = -19679. What is the units digit of v?
9
Suppose 122 = -9*i + 221. Suppose l = 5*x + 638, -8*l - 3*x = -i*l + 1974. What is the tens digit of l?
6
Let c = 27987 - 5616. What is the thousands digit of c?
2
Let h be 10/4*2*(-1702)/115. Let j = -89 - h. Let t = j - -19. What is the units digit of t?
4
Let b = -14 + -22. Let z(h) = -h + 12. Let n be z(14). What is the units digit of ((-27)/n)/((-6)/b)?
1
Suppose -260 = 2*q - 860. Let p = 459 - q. Suppose 4*r - p = 161. What is the tens digit of r?
8
Suppose -1273 + 17233 = 7*f. Suppose 6515 = 5*h + f. What is the units digit of h?
7
Suppose -2*r - 59 - 1 = 0. Let x be (-4)/r - (-63888)/90. Suppose 5*s = -75 + x. What is the units digit of s?
7
Let m = 163 - -7. Let k = -49 + m. What is the hundreds digit of k?
1
Let d(f) = 10413*f**2 + 65*f + 65. What is the tens digit of d(-1)?
1
Let a = 441 + -417. Let h(x) = -x**3 + 25*x**2 - 10*x + 43. What is the hundreds digit of h(a)?
3
Let j = -5896 - -10512. What is the tens digit of j?
1
Suppose 0 = 5*o - 4*x - 57, -o = 6*x - 2*x + 3. Suppose 12*a = o*a + 1089. What is the units digit of a?
3
Suppose 4*l